1404752362?
3
What is the thousands digit of 238678821?
8
What is the hundred thousands digit of 40361070?
3
What is the thousands digit of 882778016?
8
What is the ten millions digit of 95207251?
9
What is the ten thousands digit of 4158294261?
9
What is the millions digit of 8897405?
8
What is the hundreds digit of 70635193?
1
What is the thousands digit of 181162553?
2
What is the units digit of 2146157288?
8
What is the thousands digit of 95604065?
4
What is the ten thousands digit of 27430011?
3
What is the ten thousands digit of 526505238?
0
What is the hundred thousands digit of 367152568?
1
What is the millions digit of 30679468?
0
What is the tens digit of 40704945?
4
What is the billions digit of 5662697793?
5
What is the thousands digit of 1417932097?
2
What is the hundred thousands digit of 28332830?
3
What is the tens digit of 166561926?
2
What is the millions digit of 506644414?
6
What is the hundred thousands digit of 777264397?
2
What is the hundreds digit of 82386291?
2
What is the thousands digit of 553242850?
2
What is the hundreds digit of 284163858?
8
What is the units digit of 41582688?
8
What is the tens digit of 47942570?
7
What is the ten thousands digit of 2443171040?
7
What is the ten millions digit of 569368148?
6
What is the hundred millions digit of 941429482?
9
What is the units digit of 3332894604?
4
What is the tens digit of 33579801?
0
What is the tens digit of 1130297114?
1
What is the millions digit of 1298936748?
8
What is the tens digit of 950520619?
1
What is the hundred millions digit of 508156577?
5
What is the hundred thousands digit of 746167577?
1
What is the ten millions digit of 2450537413?
5
What is the units digit of 271062642?
2
What is the millions digit of 674298610?
4
What is the tens digit of 18839286?
8
What is the hundreds digit of 45198009?
0
What is the ten thousands digit of 486573102?
7
What is the thousands digit of 155552027?
2
What is the tens digit of 153928777?
7
What is the hundred thousands digit of 212141800?
1
What is the hundred thousands digit of 1685332394?
3
What is the thousands digit of 768291814?
1
What is the tens digit of 4588583948?
4
What is the thousands digit of 410269717?
9
What is the ten thousands digit of 568475406?
7
What is the tens digit of 208214932?
3
What is the units digit of 1195768470?
0
What is the billions digit of 2059179744?
2
What is the hundreds digit of 47036978?
9
What is the hundred millions digit of 120654205?
1
What is the ten thousands digit of 3595185953?
8
What is the units digit of 1725143600?
0
What is the tens digit of 1586775614?
1
What is the thousands digit of 2085540970?
0
What is the thousands digit of 709056040?
6
What is the thousands digit of 56485543?
5
What is the millions digit of 687907927?
7
What is the billions digit of 6783650946?
6
What is the ten millions digit of 1477542138?
7
What is the thousands digit of 187459987?
9
What is the ten thousands digit of 1021938555?
3
What is the tens digit of 195805695?
9
What is the hundred thousands digit of 145775289?
7
What is the hundred millions digit of 1019611048?
0
What is the hundred thousands digit of 6461681155?
6
What is the hundred thousands digit of 1184352526?
3
What is the hundreds digit of 88561139?
1
What is the tens digit of 38046363?
6
What is the units digit of 746869519?
9
What is the millions digit of 3419436388?
9
What is the millions digit of 341451424?
1
What is the thousands digit of 4438004412?
4
What is the ten thousands digit of 298394448?
9
What is the tens digit of 93667763?
6
What is the ten thousands digit of 1653694608?
9
What is the hundred millions digit of 582898034?
5
What is the tens digit of 889652500?
0
What is the billions digit of 1151169883?
1
What is the millions digit of 54795575?
4
What is the ten millions digit of 993298082?
9
What is the ten millions digit of 78703553?
7
What is the units digit of 4107504477?
7
What is the thousands digit of 374384116?
4
What is the hundred thousands digit of 93433215?
4
What is the tens digit of 386913617?
1
What is the millions digit of 143402931?
3
What is the units digit of 647301962?
2
What is the hundred thousands digit of 65552349?
5
What is the tens digit of 109594679?
7
What is the hundreds digit of 155751993?
9
What is the millions digit of 570832236?
0
What is the ten millions digit of 92230810?
9
What is the units digit of 14519409?
9
What is the ten thousands digit of 186387734?
8
What is the hundreds digit of 1581301?
3
What is the units digit of 2010771609?
9
What is the hundred millions digit of 1727919564?
7
What is the thousands digit of 68472075?
2
What is the tens digit of 119454308?
0
What is the tens digit of 171545303?
0
What is the units digit of 19597874?
4
What is the billions digit of 4709696724?
4
What is the units digit of 1856666060?
0
What is the hundreds digit of 266783443?
4
What is the millions digit of 5271507070?
1
What is the ten thousands digit of 80897166?
9
What is the hundred millions digit of 173229604?
1
What is the thousands digit of 213278088?
8
What is the thousands digit of 37327668?
7
What is the hundred thousands digit of 5956108977?
1
What is the tens digit of 651144873?
7
What is the hundreds digit of 280194405?
4
What is the millions digit of 7668115?
7
What is the thousands digit of 2254187?
4
What is the ten millions digit of 1141683284?
4
What is the hundred thousands digit of 205583952?
5
What is the hundred millions digit of 265488999?
2
What is the thousands digit of 1202712980?
2
What is the hundred thousands digit of 95659741?
6
What is the tens digit of 4069981266?
6
What is the units digit of 55238872?
2
What is the hundred millions digit of 120416826?
1
What is the units digit of 1475235748?
8
What is the billions digit of 2292821744?
2
What is the ten millions digit of 260855100?
6
What is the ten thousands digit of 873216321?
1
What is the hundred millions digit of 2367754443?
3
What is the hundreds digit of 295058210?
2
What is the units digit of 60199660?
0
What is the thousands digit of 36551463?
1
What is the units digit of 129311696?
6
What is the millions digit of 230218727?
0
What is the thousands digit of 80334745?
4
What is the hundreds digit of 103805526?
5
What is the hundred thousands digit of 339328073?
3
What is the ten thousands digit of 2402561577?
6
What is the millions digit of 489961416?
9
What is the units digit of 1203950173?
3
What is the hundreds digit of 2708164135?
1
What is the millions digit of 5996578?
5
What is the hundreds digit of 1087141492?
4
What is the units digit of 2878666465?
5
What is the hundreds digit of 359070640?
6
What is the hundred thousands digit of 252127506?
1
What is the thousands digit of 350258828?
8
What is the millions digit of 492265034?
2
What is the hundred thousands digit of 870601882?
6
What is the tens digit of 14547142?
4
What is the ten thousands digit of 155373182?
7
What is the hundred millions digit of 2487566453?
4
What is the ten millions digit of 2360190967?
6
What is the tens digit of 122508460?
6
What is the hundred thousands digit of 47721263?
7
What is the billions digit of 8157726896?
8
What is the units digit of 35436959?
9
What is the ten thousands digit of 99929197?
2
What is the thousands digit of 52030167?
0
What is the hundred thousands digit of 4424286?
4
What is the tens digit of 3751637?
3
What is the hundreds digit of 8162849?
8
What is the ten millions digit of 283771503?
8
What is the ten millions digit of 201992881?
0
What is the hundred thousands digit of 23591596?
5
What is the tens digit of 1643645?
4
What is the units digit of 70765702?
2
What is the tens digit of 28083962?
6
What is the hundred thousands digit of 682395130?
3
What is the tens digit of 3572657818?
1
What is the thousands digit of 3720648482?
8
What is the ten millions digit of 40606653?
4
What is the ten millions digit of 173984558?
7
What is the millions digit of 144955231?
4
What is the millions digit of 44473645?
4
What is the hundreds digit of 1844270616?
6
What is the billions digit of 2570278322?
2
What is the ten millions digit of 106921067?
0
What is the hundred thousands digit of 1027456457?
4
What is the thousands digit of 102469697?
9
What is the hundreds digit of 